39 is divided by 20?
19
What is the remainder when 15963570 is divided by 40?
10
Calculate the remainder when 535091 is divided by 4209.
548
What is the remainder when 38434 is divided by 2217?
745
Calculate the remainder when 38902 is divided by 9662.
254
Calculate the remainder when 1605192 is divided by 401291.
28
Calculate the remainder when 3973277 is divided by 27.
11
Calculate the remainder when 13353383 is divided by 1083.
1076
What is the remainder when 43162 is divided by 4494?
2716
What is the remainder when 257876 is divided by 2167?
3
What is the remainder when 5618613 is divided by 92?
81
Calculate the remainder when 10111988 is divided by 7032.
7004
Calculate the remainder when 489742 is divided by 488370.
1372
Calculate the remainder when 3425325 is divided by 486.
483
Calculate the remainder when 1306380 is divided by 217703.
162
Calculate the remainder when 8072131 is divided by 22.
1
Calculate the remainder when 215836 is divided by 3423.
187
What is the remainder when 219658 is divided by 117?
49
What is the remainder when 719833598 is divided by 109?
105
Calculate the remainder when 180059 is divided by 744.
11
Calculate the remainder when 2438039 is divided by 1218946.
147
Calculate the remainder when 7833551 is divided by 24.
23
What is the remainder when 2379700 is divided by 361?
349
What is the remainder when 598769 is divided by 108?
17
What is the remainder when 58638630 is divided by 121?
94
Calculate the remainder when 2918774 is divided by 364845.
14
Calculate the remainder when 14770719 is divided by 15.
9
Calculate the remainder when 41048 is divided by 19587.
1874
Calculate the remainder when 93603 is divided by 93116.
487
What is the remainder when 576616 is divided by 8115?
451
What is the remainder when 13146110 is divided by 1195092?
98
What is the remainder when 4295651 is divided by 58?
55
What is the remainder when 4890897 is divided by 15?
12
Calculate the remainder when 88948535 is divided by 9.
5
What is the remainder when 2356930 is divided by 785641?
7
What is the remainder when 6492467 is divided by 905?
902
Calculate the remainder when 1779769 is divided by 136903.
30
Calculate the remainder when 359764 is divided by 1195.
69
Calculate the remainder when 329260 is divided by 106962.
8374
Calculate the remainder when 2858 is divided by 908.
134
What is the remainder when 41763 is divided by 39870?
1893
Calculate the remainder when 570471 is divided by 150.
21
Calculate the remainder when 53290 is divided by 562.
462
Calculate the remainder when 626965 is divided by 972.
25
What is the remainder when 45909156 is divided by 2791?
2788
Calculate the remainder when 11386755 is divided by 39.
3
Calculate the remainder when 858450913 is divided by 4927.
4922
Calculate the remainder when 280545 is divided by 17524.
161
Calculate the remainder when 118756 is divided by 26404.
13140
What is the remainder when 250070326 is divided by 2187?
2185
Calculate the remainder when 1650744 is divided by 1632.
792
What is the remainder when 14462 is divided by 11971?
2491
What is the remainder when 5131669 is divided by 2652?
49
What is the remainder when 12092 is divided by 301?
52
What is the remainder when 3129777 is divided by 1077?
15
What is the remainder when 8529 is divided by 2536?
921
Calculate the remainder when 5303623 is divided by 1443.
598
What is the remainder when 14948369 is divided by 232?
145
Calculate the remainder when 15779366 is divided by 236.
170
Calculate the remainder when 1501707 is divided by 923.
909
Calculate the remainder when 32419978 is divided by 15.
13
What is the remainder when 14900798 is divided by 556?
554
What is the remainder when 10107885 is divided by 15993?
309
What is the remainder when 16531184 is divided by 29?
24
Calculate the remainder when 188673 is divided by 94328.
17
Calculate the remainder when 1125639 is divided by 856.
855
What is the remainder when 2963092 is divided by 3?
1
What is the remainder when 537240 is divided by 2455?
2050
Calculate the remainder when 921290 is divided by 166.
156
What is the remainder when 3036215 is divided by 3036149?
66
Calculate the remainder when 5108696 is divided by 2781.
2780
Calculate the remainder when 4780709 is divided by 544.
37
What is the remainder when 6481269 is divided by 144028?
9
What is the remainder when 100462 is divided by 223?
112
What is the remainder when 9244921 is divided by 6566?
6559
What is the remainder when 1894929 is divided by 1894919?
10
Calculate the remainder when 589620 is divided by 403.
31
Calculate the remainder when 79685 is divided by 2276.
25
What is the remainder when 333161 is divided by 7745?
126
Calculate the remainder when 39978135 is divided by 46.
41
Calculate the remainder when 478642 is divided by 87.
55
What is the remainder when 29582278 is divided by 172?
170
What is the remainder when 10406407 is divided by 2?
1
Calculate the remainder when 1022631 is divided by 511179.
273
Calculate the remainder when 431079550 is divided by 4464.
4462
What is the remainder when 91839437 is divided by 154?
151
What is the remainder when 83155 is divided by 964?
251
Calculate the remainder when 28880847 is divided by 57.
30
What is the remainder when 24231634 is divided by 891?
889
Calculate the remainder when 44564 is divided by 1310.
24
What is the remainder when 1088106 is divided by 8181?
33
Calculate the remainder when 73322 is divided by 1032.
50
Calculate the remainder when 313870 is divided by 32.
14
Calculate the remainder when 39435793 is divided by 2464736.
17
What is the remainder when 381524 is divided by 623?
248
What is the remainder when 90104400 is divided by 57?
54
Calculate the remainder when 298115 is divided by 99183.
566
What is the remainder when 2064350 is divided by 2966?
14
Calculate the remainder when 11351 is divided by 3686.
293
Calculate the remainder when 37622524 is divided by 925.
924
Calculate the remainder when 87414019 is divided by 89.
88
Calculate the remainder when 6531791 is divided by 12683.
46
What is the remainder when 1714622 is divided by 856846?
930
Calculate the remainder when 483733 is divided by 894.
79
What is the remainder when 46079 is divided by 632?
575
What is the remainder when 18370201 is divided by 145795?
31
What is the remainder when 536563 is divided by 541?
432
Calculate the remainder when 1290195 is divided by 11316.
171
What is the remainder when 495672 is divided by 3840?
312
What is the remainder when 522602 is divided by 174147?
161
What is the remainder when 2907791 is divided by 2907790?
1
Calculate the remainder when 8012689 is divided by 62.
57
What is the remainder when 178121 is divided by 6801?
1295
What is the remainder when 5880714 is divided by 687?
681
What is the remainder when 1739724 is divided by 64?
12
What is the remainder when 3621157 is divided by 181057?
17
What is the remainder when 127998221 is divided by 93?
89
Calculate the remainder when 8846166 is divided by 4.
2
Calculate the remainder when 403853 is divided by 236.
57
Calculate the remainder when 167592 is divided by 1331.
1217
Calculate the remainder when 1309641 is divided by 442.
437
What is the remainder when 85972 is divided by 1592?
4
What is the remainder when 23289 is divided by 11510?
269
What is the remainder when 20411874 is divided by 10205927?
20
Calculate the remainder when 759052 is divided by 379503.
46
What is the remainder when 21720294 is divided by 2490?
24
What is the remainder when 111915753 is divided by 108?
105
Calculate the remainder when 923525 is divided by 184705.
0
Calculate the remainder when 128389 is divided by 9097.
1031
Calculate the remainder when 1698879 is divided by 130665.
234
Calculate the remainder when 2332180 is divided by 235.
40
Calculate the remainder when 2460799353 is divided by 258.
255
Calculate the remainder when 5621788 is divided by 32309.
22
Calculate the remainder when 2296005 is divided by 1147979.
47
What is the remainder when 7867280 is divided by 7867227?
53
What is the remainder when 125667236 is divided by 2210?
6
What is the remainder when 130806 is divided by 5113?
2981
What is the remainder when 45181474 is divided by 172?
170
What is the remainder when 316307 is divided by 8110